t is the greatest common factor of 1242 and 1243296?
54
Calculate the greatest common divisor of 2800 and 15857800.
1400
Calculate the highest common divisor of 369363 and 2757.
3
What is the highest common divisor of 42 and 7415086?
14
What is the highest common factor of 88 and 6592069?
11
Calculate the greatest common factor of 4702 and 3993131182.
4702
What is the greatest common divisor of 23 and 19987368?
23
Calculate the greatest common divisor of 64075580 and 82050.
5470
What is the highest common factor of 3263300 and 17800?
100
What is the greatest common factor of 1388995 and 1045?
95
Calculate the highest common divisor of 26852 and 2891.
49
What is the highest common divisor of 2017532 and 2596?
44
What is the greatest common factor of 376650 and 27450?
450
What is the highest common factor of 27264 and 10994776?
568
What is the highest common divisor of 528384 and 347268?
516
Calculate the greatest common factor of 506312 and 16.
8
What is the greatest common divisor of 5045 and 255851121?
1009
Calculate the greatest common factor of 41812173 and 702.
351
Calculate the highest common divisor of 159183 and 17.
1
Calculate the highest common factor of 3711138 and 22854.
1758
Calculate the greatest common factor of 5281703 and 3397.
79
What is the greatest common factor of 790 and 634330?
10
What is the greatest common factor of 330119 and 7843?
713
Calculate the greatest common divisor of 8 and 199825288.
8
Calculate the highest common factor of 114866964 and 23216.
5804
What is the greatest common factor of 2352942 and 108?
54
Calculate the highest common divisor of 3648 and 90692928.
3648
Calculate the highest common divisor of 488 and 111856859.
61
Calculate the greatest common factor of 4614280 and 1760.
440
Calculate the highest common factor of 8826858 and 36.
18
Calculate the highest common divisor of 29267711 and 22.
11
Calculate the greatest common divisor of 3864913 and 125975.
5039
What is the greatest common divisor of 112 and 3677996?
28
Calculate the greatest common factor of 19900132 and 2380.
476
What is the highest common divisor of 451961090 and 140?
70
Calculate the greatest common divisor of 5400 and 1059048.
216
What is the highest common factor of 33100 and 38800?
100
Calculate the highest common divisor of 409 and 1569409483.
409
What is the highest common divisor of 1577692 and 871594?
274
What is the highest common divisor of 2044224 and 188136?
2808
Calculate the greatest common factor of 208782218 and 970.
194
What is the highest common factor of 21942 and 2900898?
414
What is the highest common divisor of 39816 and 2520?
504
Calculate the highest common factor of 27865606 and 3688.
922
What is the highest common divisor of 153242 and 166752?
386
Calculate the greatest common divisor of 66 and 99894828.
66
What is the greatest common factor of 3031304 and 13702?
1054
What is the greatest common divisor of 1939649 and 4821?
1607
Calculate the highest common divisor of 8388 and 274440681.
2097
What is the highest common divisor of 126748377 and 2898?
1449
What is the highest common factor of 71346 and 332431?
517
Calculate the highest common factor of 355866 and 971250.
1554
Calculate the greatest common factor of 20 and 16844644.
4
Calculate the greatest common divisor of 1849365 and 1330.
665
What is the highest common divisor of 5176413 and 13563?
99
What is the greatest common factor of 17249 and 132587?
47
Calculate the greatest common factor of 249315 and 6015291.
4533
Calculate the greatest common factor of 2216 and 3739744.
8
Calculate the greatest common divisor of 826483 and 3430.
49
Calculate the greatest common divisor of 528 and 10449714.
66
What is the greatest common factor of 208527 and 497?
71
What is the highest common divisor of 137 and 24177?
1
What is the highest common factor of 87181860 and 20876?
1228
What is the greatest common factor of 282 and 400500207?
141
Calculate the greatest common divisor of 13139313 and 33.
33
What is the highest common factor of 66 and 14366550?
66
What is the highest common factor of 9549 and 37249588?
1061
What is the greatest common factor of 8780 and 328860?
20
What is the greatest common divisor of 2036 and 79038538?
1018
Calculate the greatest common factor of 4147486 and 616.
14
What is the highest common factor of 2361 and 113690807?
787
Calculate the highest common divisor of 52561228 and 316.
316
Calculate the highest common factor of 228225 and 1350225.
1275
Calculate the greatest common divisor of 5045 and 31201307.
1009
Calculate the greatest common factor of 94522 and 98196.
334
Calculate the highest common divisor of 2204 and 14677538.
1102
What is the greatest common factor of 30 and 600219050?
10
What is the greatest common factor of 55 and 16475569?
11
Calculate the highest common divisor of 57392 and 2464728.
136
Calculate the highest common factor of 11644 and 600092.
284
Calculate the greatest common factor of 12 and 213985308.
12
Calculate the highest common factor of 2526 and 76847656.
842
Calculate the highest common factor of 87055852 and 4.
4
What is the greatest common divisor of 5731873 and 221?
17
Calculate the greatest common factor of 5471886 and 33117.
399
What is the highest common factor of 10307820 and 140?
20
What is the greatest common factor of 6 and 140523?
3
What is the highest common divisor of 35080004 and 73?
73
Calculate the highest common divisor of 2379 and 37089403.
793
What is the greatest common factor of 20342650 and 75?
25
Calculate the highest common divisor of 1023 and 18370011.
1023
Calculate the greatest common factor of 658155 and 225.
15
What is the greatest common divisor of 30080 and 305280?
640
Calculate the highest common divisor of 644853 and 7656.
33
Calculate the highest common divisor of 25922324 and 279.
31
What is the highest common divisor of 141052688 and 98?
14
What is the greatest common divisor of 1807396755 and 570?
285
Calculate the greatest common divisor of 44616 and 251031.
33
Calculate the highest common factor of 15535892 and 1207.
17
What is the greatest common factor of 142792 and 1924?
52
Calculate the greatest common factor of 1011060 and 552110.
1370
What is the greatest common factor of 1695 and 84318001?
113
Calculate the greatest common divisor of 4182 and 70063834.
1394
What is the highest common factor of 769967 and 77?
11
Calculate the greatest common factor of 30060617 and 9089.
61
Calculate the highest common divisor of 27276560 and 160.
80
What is the highest common divisor of 112272564 and 12?
12
Calculate the highest common divisor of 559 and 584240527.
559
Calculate the highest common factor of 478081 and 87525.
389
What is the greatest common factor of 155 and 4495125?
5
Calculate the highest common factor of 529752912 and 156.
156
Calculate the greatest common divisor of 103 and 69827923.
103
What is the highest common divisor of 293653 and 65573?
2851
Calculate the greatest common divisor of 964509 and 29653.
13
What is the greatest common divisor of 21137272 and 11552?
2888
What is the highest common divisor of 3180 and 3528324?
12
What is the greatest common factor of 397438406 and 2386?
2386
Calculate the highest common factor of 41885619 and 465.
93
Calculate the greatest common factor of 1401004291 and 191.
191
Calculate the greatest common factor of 412267 and 3655.
17
Calculate the greatest common factor of 46358 and 52676.
26
What is the highest common factor of 774 and 1131282?
18
What is the greatest common factor of 4752 and 7713288?
792
Calculate the greatest common factor of 161248025 and 125.
25
Calculate the greatest common divisor of 1183 and 60362744.
169
Calculate the highest common divisor of 5204851 and 4803.
1601
What is the highest common divisor of 775 and 86993657?
31
What is the highest common factor of 14032 and 800701?
877
Calculate the highest common divisor of 3020 and 34460.
20
Calculate the highest common divisor of 22536721 and 93.
31
What is the greatest common factor of 748147 and 8213?
191
What is the greatest common factor of 649 and 16071541?
59
What is the greatest common factor of 1223186190 and 6?
6
What is the highest common divisor of 127088 and 2162?
94
Calculate the greatest common factor of 130325 and 5421.
1